 = -3*y - 25. Suppose 3*v - 4*w - 8 = -42, 0 = 2*v + 3*w + 17. Calculate o(v).
5
Let s(j) = -j**2 + 14*j - 14. Suppose 121 - 490 = -4*b - 5*a, 0 = -5*b - 3*a + 458. Suppose -8*t = -t - b. Calculate s(t).
-1
Let j(k) = k**2 + 9*k + 16. Let y = -1232 - -1223. Determine j(y).
16
Let d(i) = i**3 - 4*i**2 + 3*i + 2. Let j = 22 + -19. Let s be d(j). Let c(w) = 5*w**2 + 0*w**s - 6*w**2 + 4 + 4*w + 0*w**2. What is c(5)?
-1
Let w(z) = -3 - 8 - 27*z - 2 - 23*z + 39*z - 2*z**2. Calculate w(-4).
-1
Let c(v) be the third derivative of -v**6/120 + 7*v**5/60 + 3*v**4/8 - v**3/6 - 2*v**2 - 76. Suppose -5*h + 53 = 13. What is c(h)?
7
Let r(g) = 2*g**3 - 3*g**2 + 2. Let w be r(4). Let a = 77 - w. Let p(t) = -5*t**2 + 3*t - t**3 - 3*t + 1. Calculate p(a).
1
Let z(d) be the second derivative of -d**4/12 - 2*d**3/3 + 6*d**2 - 725*d. Give z(-6).
0
Let b(g) = -17*g**3 - 8*g**2 - 9*g + 14. Let r(x) = 4*x**3 + x. Let j(t) = b(t) + 4*r(t). Determine j(-7).
0
Let g(m) = -3*m - 12. Let t be g(-8). Let q(u) = -t + 3*u - u + 12. What is q(-2)?
-4
Let s(d) = 483 - 962 + 478 + 19*d. Determine s(1).
18
Suppose 5*g + 2*i = 9, 0 = -3*g + 3*i - 4 + 22. Let o(a) = -10*a - a**2 + g*a - 4 + a - a. What is o(-7)?
-4
Let d(x) = -x**2 + 7*x - 9. Let i(l) = -l**2 - 4*l + 3. Suppose 0 = -5*k + 5*y, 12 = -5*k + 2*y - y. Let t be i(k). Determine d(t).
-3
Let d(r) = r**2 - 10*r + 10. Let a be d(10). Let p(n) = 5*n + 0*n + 5*n + 2*n**2 - 3*n**2 + 1. Give p(a).
1
Let a = -21 + 17. Let o(i) = 7*i - 10. Let q(n) = n - 1. Let j(w) = o(w) - 6*q(w). What is j(a)?
-8
Let c(z) = z**2 + 2*z + 2. Let h(q) = 6*q**2 + 4*q + 14. Let b(p) = 5*c(p) - h(p). Let u = 4 + 2. What is b(u)?
-4
Let v(h) = 16*h + 2*h**2 - h**2 - 11*h + 4. Let l be v(-5). Let q(c) = 6 + 4*c + c + c**2 + l*c - 3*c. Determine q(-5).
1
Let l(j) = -7*j**3 + 5*j + 9. Let k(b) = 1 + 4*b**3 - 6*b - 2 + 3*b - 4. Let h(q) = -5*k(q) - 3*l(q). What is h(2)?
6
Let c(g) = 211*g - 430*g - 6 + 211*g + g**3 + 5*g**2. Let p(o) = -o**3 + 3*o**2. Let v be p(3). Suppose -12 = 3*z - v*z + 2*b, z = 5*b - 21. Calculate c(z).
6
Let r = -226 + 219. Let x(o) = -5 - 6*o**2 - 2*o**2 - o - o**3 - 6*o. Determine x(r).
-5
Let r(j) be the first derivative of -j**4/12 + 5*j**3/6 + 3*j**2/2 + 17. Let d(t) be the second derivative of r(t). What is d(-6)?
17
Let d(h) = -h**3 + 6*h**2 + 7*h + 8. Suppose -2*b - 3 = -3*r, -2*b + 0*b + r - 1 = 0. Suppose b = 5*g + 20, 2*g = 5*w - g - 47. Determine d(w).
8
Let m be (-2)/(-1 + 3) + 2. Let y(u) = 39*u**2 - 8*u + 5. Let o(g) = 13*g**2 - 3*g + 2. Let h(a) = -8*o(a) + 3*y(a). Give h(m).
12
Let t be -100*-2*-3*(-4)/60. Suppose 0 = 4*a + 16 - t. Let u(v) = -v**2 + 7*v. Calculate u(a).
6
Let u = 3 - 2. Let m(a) = -a + 9*a + 1 + 8*a - 17*a - 3*a**2. Calculate m(u).
-3
Let l(b) be the third derivative of b**5/60 + b**4/12 - b**3/6 + 3*b**2 - 46*b. Calculate l(1).
2
Let b(a) = -12*a - a**2 - 5*a - 8*a + 26*a - 2*a. What is b(-1)?
0
Let u(l) = -l**2 + 7*l - 4. Let d(r) = 6*r**2 - 14*r + 38. Let s be d(6). Let q = s - 165. Give u(q).
6
Suppose 28 = 9*h - 2*h. Let n(q) = -q**2 + 6*q - 4. Give n(h).
4
Suppose 5*y - 2 = -f, -4 - 2 = 3*y - 3*f. Let u be y + 4 + 4 + -6. Let a(p) = 6*p + 1. Determine a(u).
13
Let a(m) = m**3 - 19*m**2 - 20*m + 8. Let n be a(20). Let u be 2*((-28)/n + 2). Let g(t) = -3*t**2 + 2. What is g(u)?
-25
Let p(t) = 2*t + 1. Suppose -7*i - 9 = -8*i. Let r(a) = -a**2 - 8*a + 1. Let s be r(-7). Let b = s - i. What is p(b)?
-1
Let a(n) = 12. Let i(f) = f + 24. Let z(p) = 5*a(p) - 3*i(p). Determine z(-5).
3
Let v(i) be the third derivative of i**4/24 - i**3/2 - i**2. Suppose 324 - 516 = 64*c. Give v(c).
-6
Let h(l) = -5*l - 8. Let w(i) = -9*i - 16. Let s(t) = -11*h(t) + 6*w(t). Suppose -10*f + 18*f - 48 = 0. Determine s(f).
-2
Let n(v) = -v + 17. Let k be 5418/215 - (-4)/5. What is n(k)?
-9
Suppose 2*j = 5*j - 12. Suppose -4*z + b = -19, z + 18 = j*z + 3*b. Let v(q) = -2*q + 6. Determine v(z).
-4
Let o = -954 - -960. Let c(g) = g**3 - 6*g**2 + 3. Determine c(o).
3
Let w(o) = 15*o - 13. Let b(c) = 7*c - 6. Let q(s) = 7*b(s) - 3*w(s). Let n(h) = -h - 7. Let z be n(-5). Let i = z + 4. Determine q(i).
5
Let c(s) = 2*s - 3. Let z(h) = -4*h + 5. Let g(n) = -9*c(n) - 4*z(n). Let x be (5/(-6))/(36/(-216)). Give g(x).
-3
Let h(u) = u**2 - u - 1. Let y = 45 - 36. Suppose -4*c - 3*a - 2 = -y, 0 = 4*c + 5*a - 9. Give h(c).
-1
Let y(k) = -k + 10. Let r(o) = o**3 + 8*o**2 + 14*o + 14. Let d be r(-6). Let t(u) = u + 11 + 10 - 3*u. Let q(v) = d*t(v) - 5*y(v). What is q(0)?
-8
Let g(s) = -s**3 - 6*s**2 + s + 6. Let k = 34 + -26. Let j be (-2)/k + 115/(-20). Give g(j).
0
Let c(f) be the first derivative of -f**3/3 - f**2 + 61*f - 88. What is c(7)?
-2
Let r(w) = -64*w**2 + 162*w**2 - 84*w**2 + w. Calculate r(-1).
13
Let i(x) = 20*x**2 + 20*x + 146. Let s(m) = 3*m**2 + 3*m + 23. Let d(c) = -2*i(c) + 13*s(c). Suppose -5*a - 10 = -5. Let f be (2 + a + -1)/(-1). Determine d(f).
7
Let n(s) = s**2. Let z(r) = -5*r**2 - 1. Let a(d) = 11*n(d) + 2*z(d). What is a(-2)?
2
Suppose -16*r = 51*r + 268. Let t(k) = -k**3 - 3*k**2 - 6*k - 6. What is t(r)?
34
Let a = 6466 + -6466. Let f(g) = 0*g**3 - 2 + g**3 + g**2 + 0*g**3. What is f(a)?
-2
Suppose 0 = 48*x - 50*x - 10. Suppose -6 = 3*z - t + 2*t, -z - 5*t = 2. Let n = x - z. Let f(j) = 4*j + 4. What is f(n)?
-8
Let t = -165 + 170. Let k(i) = -i**2 + 2*i + 12. Give k(t).
-3
Let y(x) be the first derivative of x**3/3 - 3*x**2/2 - x + 4. Let g = 117 - 113. Calculate y(g).
3
Let u(m) = 3 - m + 2*m - 6 - 5*m. Determine u(-4).
13
Suppose -19*j - 5 + 62 = 0. Suppose 15 = 3*b + j*o - 9, 4 = 5*b - 4*o. Let s(z) = z**3 - 5*z**2 + 4. Give s(b).
-12
Let w(t) = -7*t + 5. Suppose -4*i = -5*m - 6, 4 = 3*i + 5*m - 18. Suppose k = -3*p + 10, i*p - k + 6 = 6*p. Determine w(p).
-23
Let j = -120 - -120. Let r(v) = -v**3 - 7*v**2 - 8*v - 9. Let a be r(-6). Suppose j = a*z + 6 + 9. Let h(c) = c**3 + 6*c**2 + 5*c + 6. Calculate h(z).
6
Let j be -7 + (11 - 2) + -4. Let r(n) = 13*n + 25. Calculate r(j).
-1
Suppose k + 0*u = 3*u, 3*u + 9 = 4*k. Suppose 18 = -k*v + 3. Let y(b) be the first derivative of b**4/4 + 5*b**3/3 + b**2/2 + 4*b + 38. Determine y(v).
-1
Suppose -7*n - 236 + 271 = 0. Let c(s) = -2*s**3 + 9*s**2 + 5*s - 10. What is c(n)?
-10
Let g be -3*1 + (2 - 2). Let x(n) be the first derivative of n**5/120 + 5*n**4/24 + n**3 - 2. Let s(l) be the third derivative of x(l). Calculate s(g).
2
Let r(s) = -6*s**2 + s - 1. Let x be (16/24)/((-4)/114). Let l = x + 20. What is r(l)?
-6
Let a(b) be the third derivative of b**3 + 1/15*b**5 + 1/120*b**6 + 0 - 1/8*b**4 + 0*b - 5*b**2. Suppose -4*g + 1 + 6 = -3*v, 5*g = -4*v - 30. Give a(v).
-4
Let k(y) be the third derivative of 5*y**6/12 - y**4/12 + y**3/6 - 288*y**2. Give k(1).
49
Let c(n) = 13*n**2 - 3*n - 5. Let k be c(-1). Let y(o) = o**3 - 10*o**2 - 10*o - 16. Give y(k).
-5
Let s(x) be the first derivative of 2*x**3/3 + 3*x**2/2 - 4*x + 8. Give s(-3).
5
Let s(x) = 44*x + 11. Let d(h) = 15*h + 4. Let t(b) = -17*d(b) + 6*s(b). Calculate t(1).
7
Let a(h) be the third derivative of -h**4/24 - 5*h**3/6 + 2*h**2. Let y be a(-7). Let j(f) = 13*f**y + f - 13*f**2 + f**3 + 5. Determine j(0).
5
Let b(l) = -3*l**3 + 7*l**2 - 6*l - 8. Let q(z) = -2*z**3 + 4*z**2 - 4*z - 5. Let s(g) = -4*b(g) + 7*q(g). Give s(-2).
21
Let g(u) = -4*u - 2. Let c be g(-2). Let r be (36/(-45))/(1/(-20)). Let b(a) = a**2 - r*a + 12*a - 2 - 5. Give b(c).
5
Let r be ((-18)/10)/(153/510). Let v(f) = 2*f**2 + 8*f + 8. What is v(r)?
32
Let k(z) = -z**2 + 3*z - 9. Let c(n) = 4*n - 3. Let m be c(2). Let j = 8 - m. Let v(d) = d**2 - 4*d + 8. Let s(t) = j*v(t) + 2*k(t). Determine s(6).
6
Let b(z) = 2*z - 3*z + z**2 + 4 - 5*z. Let y(m) = 2*m**2 - 37*m + 162. Let c be y(12). Determine b(c).
4
Let a(s) = s + 1. Suppose 1 = 3*o - 2. Suppose 4*w = -5*j + 17 - 28, 0 = 5*w - 2*j - 11. Let l = w - o. Determine a(l).
1
Let x(n) = 6 - 19*n + 5*n**3 - 13*n + 4*n**2 - 6*n**3 + 36*n. Let h = 34 + -29. Give x(h).
1
Let m be ((-10)/(-6))/((-3)/9). Let q(c) = -9*c**3 + 2 + 2*c**3 - 6*c**2 + 6*c**3 - 4. What is q(m)?
-27
Let f(g) = -g**3 + 3*g**2 - 2*g + 2. Let q = -11 + 11. Suppose q = 4*p - 3*p. Suppose -5*h + 2 = -3*l + 11, p = 3*h. Give f(l).
-4
Let c(l) = 3*l**2 + 3*l + 1. Let x = -21 - -24. Let z be (x/(-2))/((-30)/40). Suppos